 3, what is -20000100200 + 1202102?
-12221121021
In base 16, what is -19d6fcd - 4?
-19d6fd1
In base 4, what is 2 + 32212212011?
32212212013
In base 4, what is 200033 - 322133?
-122100
In base 16, what is -89b7b + -2?
-89b7d
In base 14, what is 3684cd - 4?
3684c9
In base 2, what is -11110000001100 + -110011011111?
-100100011101011
In base 5, what is 1112242421244 + 10?
1112242421304
In base 9, what is -5813333 + -4?
-5813337
In base 7, what is 2314 - -45536?
51153
In base 16, what is 886a4b5 - -8?
886a4bd
In base 2, what is -11011010000110010011101 + 110100?
-11011010000110001101001
In base 10, what is -58253710 + -3?
-58253713
In base 10, what is 27743 - -3727?
31470
In base 4, what is -3301200 - -201?
-3300333
In base 13, what is -ca81 + -30a?
-1008b
In base 6, what is 3001 - 330201?
-323200
In base 15, what is -1581aa + -67?
-158222
In base 14, what is 2b197 + 738?
2b8d1
In base 6, what is -222330034 + 112?
-222325522
In base 8, what is -10 + 42170011?
42170001
In base 8, what is 7224410 + 4?
7224414
In base 11, what is aa89a27 + 5?
aa89a31
In base 16, what is -2 - 32e41c?
-32e41e
In base 16, what is 25 - 16e2fe7?
-16e2fc2
In base 2, what is -101 + 100101110101000001100000010?
100101110101000001011111101
In base 5, what is 31302 + 44410231?
44442033
In base 15, what is -4 + 138a60?
138a5b
In base 3, what is 10 - 212001221110012?
-212001221110002
In base 4, what is 330000233303 - -10?
330000233313
In base 13, what is a72b71 + 7?
a72b78
In base 10, what is -2 - 230011?
-230013
In base 4, what is -10012210 + -21333?
-10100203
In base 10, what is -23920 + -25197?
-49117
In base 4, what is -1301 - -31311213?
31303312
In base 16, what is b2fb + -f1?
b20a
In base 16, what is 123 + -261?
-13e
In base 7, what is -1265316556 - 0?
-1265316556
In base 8, what is -130 + 106163?
106033
In base 6, what is -312144 - -223?
-311521
In base 7, what is -2365 - 1636645?
-1642343
In base 7, what is -50 - -24640216?
24640136
In base 6, what is -303355 + -35110?
-342505
In base 7, what is -5123335 + 0?
-5123335
In base 4, what is 30012101231 + 22?
30012101313
In base 10, what is 1286 - 547?
739
In base 14, what is -1438688 + 0?
-1438688
In base 10, what is -23 + -99933?
-99956
In base 9, what is -30 + 17160336?
17160306
In base 12, what is -2266 - 19b26?
-20190
In base 10, what is -3379 + -477?
-3856
In base 10, what is 1 - 37883137?
-37883136
In base 7, what is -43152 - 11656?
-55141
In base 4, what is 101130212 + 1202213?
102333031
In base 12, what is 16 - -7899a?
789b4
In base 12, what is b7 - -188251?
188348
In base 10, what is -2280 + -244206?
-246486
In base 2, what is -10001000111 - -1011010111011000?
1011000110010001
In base 16, what is 14b13 + b4e?
15661
In base 15, what is 20069 - 19?
20050
In base 8, what is -2407 - 10063?
-12472
In base 13, what is 14a390a - 3?
14a3907
In base 16, what is 0 - -407336?
407336
In base 3, what is -1201212120120011010 + -11?
-1201212120120011021
In base 2, what is 11110010010001 + -10101001?
11101111101000
In base 3, what is 2122220112 + 21012?
2200011201
In base 12, what is -4 + 6662392?
666238a
In base 3, what is -220201010 + 200200220?
-20000020
In base 8, what is 1 + -175014371?
-175014370
In base 9, what is -27 - -1042603?
1042565
In base 14, what is 192 + -183b?
-1689
In base 7, what is -13453640 + 1?
-13453636
In base 16, what is -12ce981 - 8?
-12ce989
In base 8, what is 2 - 145014764?
-145014762
In base 2, what is 101110000001 + -10010011011000000000?
-10010010101001111111
In base 16, what is 1b2 - 2372?
-21c0
In base 9, what is 2 + -1412222?
-1412220
In base 10, what is -155 + 181353?
181198
In base 2, what is -10010101101011101 - -101100100?
-10010100111111001
In base 8, what is -2037126 + -452?
-2037600
In base 4, what is -100002 - -12112021?
12012013
In base 15, what is 11 + -7593d9?
-7593c8
In base 13, what is -49225b0 - -17?
-4922596
In base 15, what is 412d56 + 3?
412d59
In base 9, what is -1066 + 8655?
7578
In base 16, what is -ec01 + 11c?
-eae5
In base 14, what is -ca04 + 1da8?
-aa3a
In base 15, what is 5b - -572981?
5729dc
In base 2, what is -10000011010 - 10010110111000000111?
-10010111001000100001
In base 9, what is -250 + 645242?
644882
In base 2, what is 11000110 + -1010000110100001001?
-1010000110001000011
In base 4, what is -212212203 + 10320?
-212201223
In base 15, what is 5 - -a9e99c?
a9e9a2
In base 11, what is 10294372 - -2?
10294374
In base 7, what is 11322 + 2011?
13333
In base 8, what is 564 - -4500?
5264
In base 8, what is -5 - 21747332?
-21747337
In base 7, what is -304453651 + -1?
-304453652
In base 7, what is -2306564 - 16?
-2306613
In base 8, what is -1211474 + 406?
-1211066
In base 7, what is -552046032 - -12?
-552046020
In base 8, what is -45560 + 3540?
-42020
In base 16, what is 10b50b8 - 15?
10b50a3
In base 14, what is 5accca + -2?
5accc8
In base 15, what is -15d + c376?
c218
In base 12, what is 1 + 373341b?
3733420
In base 5, what is 4 + 122133403?
122133412
In base 6, what is -13515304 + 40?
-13515224
In base 13, what is -63 - -240c6?
24063
In base 12, what is -1a312a75 + -3?
-1a312a78
In base 4, what is -2112231332 + -203?
-2112232201
In base 6, what is -252 + -142413?
-143105
In base 10, what is 196726696 - 2?
196726694
In base 13, what is -b + 11c5331?
11c5323
In base 3, what is -20001102011210011 - -11?
-20001102011210000
In base 15, what is 3 + 24177?
2417a
In base 8, what is 211743 - 754?
210767
In base 16, what is 20 - af446?
-af426
In base 14, what is -1832d - -42?
-182cb
In base 11, what is -1334912 + -53?
-1334965
In base 15, what is 33dd2777 + -5?
33dd2772
In base 16, what is 426 - ae8?
-6c2
In base 8, what is -165151 - -6702?
-156247
In base 2, what is -1000000100010100 - -1101001010111?
-110011010111101
In base 13, what is -316265b - -12?
-3162649
In base 11, what is 5068 - -1388?
6445
In base 5, what is 1023 - 304442?
-303414
In base 11, what is 0 - 34a508?
-34a508
In base 4, what is -1231003 + 10233223?
3002220
In base 5, what is -11104413 + 0?
-11104413
In base 13, what is 1ba1b8 + -1a?
1ba19b
In base 4, what is 10 + -210233323013?
-210233323003
In base 13, what is -19b9a7 - b?
-19b9b5
In base 4, what is -11 + 123201211322?
123201211311
In base 9, what is -443 - 23385?
-23838
In base 16, what is 432 - -7f?
4b1
In base 11, what is a0 + 947974?
947a64
In base 14, what is 37608 - 40?
375a8
In base 12, what is a418 - 1245a?
-4042
In base 16, what is 6 + 4acd4?
4acda
In base 14, what is -3 - 2a625931?
-2a625934
In base 14, what is -2c0ba0 + -d?
-2c0bad
In base 11, what is 0 - 798334?
-798334
In base 11, what is 2996 - 16931?
-13a46
In base 16, what is -2d811e5 - -3?
-2d811e2
In base 9, what is 333466 + 215?
333682
In base 5, what is -2140143 + 1333?
-2133310
In base 13, what is -19a + 12a5a?
12890
In base 6, what is -13052 - 3401?
-20453
In base 5, what is -410431 - -223304?
-132122
In base 11, what is -1a - -274040?
274021
In base 3, what is 12201122201212111 + 12?
12201122201212200
In base 7, what is -1206012 + 6?
-1206003
In base 15, what is 5b + 1082?
10dd
In base 14, what is -19d7 - 62?
-1a59
In base 5, what is 220 + -14032014?
-14031244
In base 5, what is 20 - -24311423332?
24311423402
In base 12, what is 8764b + -31?
8761a
In base 7, what is -4255342641 - 0?
-4255342641
In base 11, what is -57a665 + 119?
-57a547
In base 8, what is 2423 - -16071?
20514
In base 6, what is -42540 - 21411?
-104351
In base 3, what is 12012012102 - 100120?
12011211212
In base 5, what is -122 - -110401222?
110401100
In base 4, what is 3 - -12233300031203?
12233300031212
In base 6, what is 1 - -13321052440?
13321052441
In base 10, what is 4 - 513959?
-513955
In base 4, what is -210 + -23020320020?
-23020320230
In base 5, what is 1113 + 233024?
234142
In base 5, what is -14402140242 + -2?
-14402140244
In base 2, what is -1110101010 - -100111000101101101?
100110110111000011
In base 3, what is -1202020210020002 + 11?
-1202020210012221
In base 8, what is 560057 + 104?
560163
In base 7, what is -4516 + 1624106?
1616260
In base 10, what is -10 - -483427?
483417
In base 14, what is -4 - c510c0?
-c510c4
In base 12, what is 2490 - -2b90?
5460
In base 11, what is -2386410 - -4?
-2386407
In base 14, what is -2c382a - -1b?
-2c380d
In base 12, what is -4 - aa7785?
-aa7789
In base 3, what is 2201110